 h(l) = l**2 + l. Let d(z) = 5*z**2 - 10*z + 2. Let u(n) = d(n) - 4*h(n). What is the units digit of u(14)?
2
Let j(c) = -13*c + 1. Let z be j(1). Let v(y) = 6 - y**2 + 2*y**2 + 0 + 10*y. What is the tens digit of v(z)?
3
Let d(k) = 2*k - 13. Let o be d(9). Suppose 67 = o*w + 27. What is the units digit of 3*4/12*w?
8
Suppose -2*p = 2*m + 36, -3*p - 52 + 2 = 5*m. Let f = p - -23. Let w = 31 - f. What is the units digit of w?
8
Let h be (-234)/65*5/(-3). Let w be 2 - -3 - (h - 3). Suppose 4*c = -2*v - 19 + 155, w*v = c - 34. What is the units digit of c?
4
Let i = 239 + 41. Suppose -10*g + 20*g - i = 0. What is the tens digit of g?
2
Suppose 5*n + 10*s = 8*s + 22651, -4*s - 9046 = -2*n. What is the hundreds digit of n?
5
Let b(n) = -17*n**3 - n**2 - n. Let l be b(-1). Let y(a) = 18*a - 5. Let m be y(5). Suppose l*i - m = 12*i. What is the tens digit of i?
1
Suppose 4*x - 19 - 9 = 0. Suppose s + 168 = x*s. What is the tens digit of s?
2
Let k(u) = -u - 28 - 54 + 7*u + 3*u. What is the units digit of k(11)?
7
Let w = -4497 + 8911. What is the thousands digit of w?
4
Let d(j) = 81*j**2 + 46*j + 16. What is the units digit of d(-4)?
8
Let l = 18 + 1. Suppose l*a - 147 = 1582. What is the units digit of a?
1
Suppose -12*w = -21694 + 9226. What is the thousands digit of w?
1
Let s(j) = -10*j**3 + 1 + 0*j**3 - 8*j**3 - 4*j**2 + 1 - j. Let k be s(-2). Suppose -24*f + k = -21*f. What is the units digit of f?
4
Suppose 0 = -2*a + 5*r - 32, 5*a + 0*r + 14 = -4*r. Let x = 12 + a. What is the units digit of (10/5)/(4/x)?
3
Suppose 0 = 3*y - 395 - 133. What is the tens digit of y?
7
Suppose 0 = 3*r + 744 - 1899. What is the units digit of r?
5
Suppose -f + 174 = -0*f. Suppose -11*j + f = -46. What is the units digit of j?
0
Let w be 282/54 + -5 - (-5378)/18. Suppose 0 = 3*s - 0*n + n - w, 0 = -3*s + n + 289. What is the units digit of s?
8
Suppose u - 73 = -z, -2*z - 316 = -4*u + 2*z. Suppose n + 48 = -0. Let p = n + u. What is the tens digit of p?
2
Let h = -834 - -4742. What is the tens digit of h?
0
Let a(p) = p**3 - 3*p**2 - 3*p - 6. Let x be a(5). Let u = x - -5. What is the units digit of u?
4
Suppose -m = 3*d + 2*d - 631, 10 = 5*d. What is the units digit of m?
1
Let w(t) = t - 10*t**2 + 27 - t**3 + 11*t**2 + 18*t**2. What is the units digit of w(19)?
6
Let z = -41 - -41. Suppose -5*k + 10 + 25 = z. What is the units digit of k?
7
Let l(u) be the second derivative of 3*u**4/2 - 5*u**3/6 + 6*u**2 + 2*u - 3. What is the hundreds digit of l(4)?
2
Suppose -5*m = -12*m. Suppose m = 9*t - 5*t - 12. Suppose t*u - 72 = 129. What is the tens digit of u?
6
Let l = -5 + -3. Let k be (2/(-4))/((40/(-576))/5). Let r = k + l. What is the units digit of r?
8
Suppose 0 = l - 13 + 10. Let t(j) = 5*j**2 - 7*j + 4. Let i be t(4). Suppose -2*z + i = b + l*b, 2*z - 50 = -b. What is the tens digit of z?
2
Suppose 0 = -17*m - 29408 + 92971. What is the thousands digit of m?
3
What is the hundreds digit of 2/(26256/(-13134) + 2)?
1
Let s be 1*2*351/18. Let y(v) = 44*v**2 + 1. Let b be y(1). Suppose -3*f + s = -b. What is the tens digit of f?
2
Suppose 5*v = o - 5, -5*o + 0 = -v - 25. Let u(s) = 6*s**2 - s - 2 - 2*s**2 + o*s - 5*s. What is the tens digit of u(3)?
3
Let h(k) = 2*k**3 - 6*k**2 + 5*k + 2. Let b be h(2). Suppose l = 2*p - 296, 3*p = -l - b + 458. What is the tens digit of p?
5
Let k(n) = -2*n - 3. Let w be k(9). Let a be w/28 - (-45)/(-4). What is the units digit of (1*-3)/(9/a)?
4
Suppose 5*l - 887 = -147. Suppose -3*b + l = y, -4*y + y - 4*b + 424 = 0. What is the tens digit of y?
3
Let d = -249 - -68. Let s = d - -261. What is the units digit of s?
0
Let w(q) = -q**3 + 12*q**2 + q - 11. Let z be w(10). Suppose -k = v - 78, 3*v - 4*k = -0*k + z. What is the units digit of v?
3
Let t be ((-3842)/8)/(-1) - 2/8. Suppose 2*k - w + 171 = t, 4*w + 137 = k. What is the units digit of k?
7
Suppose -5836 = -3*k + t, k + 9722 = 6*k - 4*t. What is the tens digit of k?
4
Let x = -2713 + 4097. What is the units digit of x?
4
Suppose -5*k + 3*k + 3*z = -110, 3*z = -5*k + 254. Suppose -190 + k = -w. What is the hundreds digit of w?
1
What is the tens digit of (4 - (62 + 1))*-1?
5
Suppose 3*u + 87 = 6*f - f, 0 = -3*u + 4*f - 90. Suppose 0 = -3*m + 4*m - 56. Let b = m + u. What is the tens digit of b?
2
Suppose 0 = 3*f - 3. Let d be (f/4 + 0)*8. Suppose q + 5*o = -10, o + 1 + d = 0. What is the units digit of q?
5
Suppose -3*j - 4*x + 28 = -2*j, 2*x + 56 = 3*j. Let d = j - 12. What is the units digit of d?
8
Let t = -35 - -45. Let y = t + 39. What is the units digit of y?
9
Suppose -3*a + 5*t = -89, 2*a - 3*t - 80 = -19. What is the tens digit of a?
3
What is the units digit of ((-332)/5)/((-24)/240)?
4
Suppose -75 = 4*n - 251. Suppose 2*q - 12 = -3*t - 44, 4*q + t + n = 0. What is the units digit of q/65 - 474/(-39)?
2
Suppose -4*c + 20 - 8 = 0. Suppose z - 2*h - 120 = 0, h + 344 = c*z - h. What is the units digit of z?
2
Let v(m) = m**2 - 5*m - 16. Let y be v(9). Let g = y + 15. What is the units digit of g?
5
Let l(q) = 2*q**2 - 3*q + 9. Suppose 2*z = 3*o - 10, 2*o + 4 = -3*z + 15. What is the units digit of l(o)?
9
What is the tens digit of 84/(-147)*2/((-12)/2289)?
1
Suppose -2*t + 387 + 437 = 0. What is the units digit of t?
2
Let k(t) = 2*t + 17. Let o be k(-6). Suppose i = -5*y + 353, o*y - 4*y = i + 73. What is the units digit of y?
1
Let f be 1 + -1*24/3. Let z = f + 4. What is the units digit of ((-21)/(-14))/(z/(-2))?
1
Suppose 10*q - 12*q + 10 = 0. Suppose -4*j - 1415 = -q*b, -3*b + 566 = -b + 5*j. What is the units digit of b?
3
Suppose 49*n - 31731 - 28490 = 0. What is the thousands digit of n?
1
Suppose -7*g + 3 = -480. What is the tens digit of g?
6
Let v(o) be the first derivative of o**4/4 + 3*o**3 - o**2/2 - 2*o + 2. What is the units digit of v(-9)?
7
Let i be (-1 - 2/2)/((-108)/(-270)). Let u(x) = x**2 + 4*x + 8. What is the units digit of u(i)?
3
Suppose -c - 2*v = c - 68, 4*c - 2*v - 112 = 0. Suppose -2*r - c = -5*r. Suppose r - 41 = -o. What is the tens digit of o?
3
What is the hundreds digit of 2960 + -3 - (10 - 4) - 7?
9
Suppose 2387 + 313 = 10*l. What is the units digit of l?
0
Let m be 3/5 + 72/(-20). Let t(c) = 8*c + 13. Let v be t(m). What is the tens digit of (-176)/v - 2/1?
1
Suppose 2*k - 60 = -238. Let v(h) = -9*h + 5. Let s be v(6). Let l = s - k. What is the units digit of l?
0
What is the tens digit of (-2 + 6)*(12 + 14)?
0
Suppose -3*p - 105 = -8*p. Suppose 4*b + 144 = 4*d, 0 = 3*d - 4*d - 2*b + p. What is the units digit of d?
1
What is the tens digit of (-8 + -21)/((-2)/10)?
4
Let t(w) = -11*w**2 - w + 6 - 3*w + 10*w**2. Let l be t(-5). What is the units digit of (-112)/21*(-3)/l?
6
Let v(p) = 19*p + 20. Let x(m) = m + 1. Let u(k) = -v(k) + 6*x(k). What is the tens digit of u(-4)?
3
Let a be (-60)/45 + 1268/6. What is the tens digit of 23/46 + a/4?
5
Let j(i) = -i**3 - 3*i + 4. Let m be j(0). Suppose -m*g - 260 = -6*g. What is the units digit of g?
0
Let z = 95 - 341. Let s be 6/(-9) + z/(-18). Let o = 57 - s. What is the units digit of o?
4
Let p be 1*(-1 - -4 - (1 - -1)). What is the units digit of (-202)/(-8 - -9 - p*3)?
1
Let h(d) = d**3 - 12*d**2 + 9. Let f be h(12). Let p(v) = -31*v + 14*v - 7 + f*v + v**2. What is the units digit of p(9)?
2
Let t(l) = 6*l**2 - l - 1. Let k be 5/(2/2 + 0). Suppose -x = 5*b - 8, -k*x = -6*b + b + 20. What is the units digit of t(b)?
1
Let z = 31 + -26. Suppose -z*j - 125 = -w, 3*w + 3*j = -w + 385. What is the units digit of w?
0
Let m be -2 + 2 + (-15)/(-3). Suppose 0 = h + m*z - 25, 5*h + 4*z - 43 = 61. Suppose -2*o - 3*w = -6*w - 28, -2*o + 5*w = -h. What is the units digit of o?
0
Suppose 1470 = 104*p - 101*p. Suppose -4*s - s = -p. What is the units digit of s?
8
Suppose -13611 = -3*x - 5328. What is the units digit of x?
1
Let w(t) = -t + 8. Suppose -7 = -3*p + 2*p. Let j be w(p). What is the units digit of -3 - (2 - 6)*j?
1
Let w(g) = -913*g**3 + 17*g**2 + 17*g + 2. What is the hundreds digit of w(-1)?
9
Let m be (-8)/20*(9 - -1). Let z(f) be the third derivative of -3*f**4/8 - f**3 - 8*f**2. What is the tens digit of z(m)?
3
Let a = -41 - -39. What is the tens digit of (-125)/a*12/15?
5
Let k = -22 + 24. Suppose k*i + i = 69. What is the tens digit of i?
2
What is the units digit of -6